erivative of n**5/20 + 5*n**4/12 - 5*n**3/6 - 9*n**2/2 + 4*n. List the prime factors of p(-5).
2
Suppose y - 3*o = 30 + 5, -y - 3*o = -47. What are the prime factors of y?
41
Let c(i) be the second derivative of -i**4/12 - 4*i**3/3 - 2*i**2 + 2*i. List the prime factors of c(-7).
3
Suppose -3*l + 6 = 5*a - 1, 3*a = -4*l + 24. List the prime factors of l.
3
Suppose -2*x - 15 = -3*d, 0 = d - 4*d - 4*x - 3. Suppose y = 2 + d. Suppose -3*w - y = -4*w. List the prime factors of w.
5
Suppose 5*i - 3*s - 6 + 58 = 0, -5*i - 5*s = 20. Suppose 43 = 2*o + 9. Let q = o + i. List the prime factors of q.
3
Let k(c) = -2*c**2 + 3*c - 9. Let b(i) = i**2 + i + 1. Let w(x) = 3*b(x) + k(x). Let o be w(-7). List the prime factors of -1 + o/(-1) + 11.
3
Let c = -42 - -99. List the prime factors of c.
3, 19
Let r be (2*2/(-2))/1. List the prime factors of r/(15/9 + -2).
2, 3
Suppose -4*p - j + 182 = 0, -2*p - 2*j = 3*p - 226. Suppose 5*h + 59 = -p. What are the prime factors of (-30)/h*7/1?
2, 5
Let n be (-12)/(-5)*(-65)/(-2). Suppose -4*h = -6*h - 2*d + 28, -d = 5*h - n. Let c = -10 + h. What are the prime factors of c?
2, 3
Let o be -1*2*6/(-12). Suppose -5*d - o = -131. What are the prime factors of d?
2, 13
List the prime factors of (-1169)/(-14) + (-9)/(-6).
5, 17
Let z = -169 + 324. List the prime factors of z.
5, 31
Let t be -38*-1*(-3)/(-6). Suppose f + t = 2*f. What are the prime factors of f?
19
Suppose 2*t = -2*t + 108. List the prime factors of t/(0 - -3) + 1.
2, 5
Suppose 8*i = 5*i + 243. Suppose -2*w + 1 = -i. List the prime factors of w.
41
Suppose -4*j + 9*j = -100. Let y = j + -24. List the prime factors of (-1 + y)*(-2)/5.
2, 3
Let g be -2*6/(-3) - -308. Suppose -7*o + g = -o. What are the prime factors of o?
2, 13
Let g(v) = v**3 + 5*v**2 - 8*v - 2. Let w be g(-6). Suppose -3*c = -8*c + w. Let s(x) = 4*x - 1. What are the prime factors of s(c)?
7
Suppose 4*o - 10 - 2 = 0. Suppose -5*z - 54 = -o*f, 5*f - 78 = 5*z + 12. List the prime factors of f.
2, 3
Let g be 4/(-6)*15/10. Let c be (g - -5)/2 + 1. Suppose -w = -c - 4. What are the prime factors of w?
7
Suppose 2*i = -2*q - i + 221, 3*q - 359 = i. List the prime factors of q.
2, 59
Let v = 34 + -38. Let z be (0/(-2))/(-2) - 0. Let a = z - v. List the prime factors of a.
2
Let t = -8 - -15. Suppose 2*a = t*a - 55. List the prime factors of a.
11
Let q be (-12)/8 + (-13)/(-2). Suppose -b + 1 = 2*o, 0 = o - q*b - 0*b - 17. List the prime factors of (-68)/(-8) + o/(-4).
2
Let d be 70/(-2)*(-2)/5. Let s = -9 + d. Suppose s*i - 2*i = 6. List the prime factors of i.
2
Suppose -b - 4*b + 10 = 0. Suppose -t + r = 5*r - 13, 5*t + b*r - 65 = 0. What are the prime factors of t?
13
Suppose -1135 = -10*f + 1485. What are the prime factors of f?
2, 131
Let z(b) = b**3 + 10*b**2 + 6*b + 7. What are the prime factors of z(-5)?
2, 3, 17
Suppose 0 = 3*l + i - 36, -5*l + i - 2*i + 60 = 0. Suppose -4*g + 4*w = -84, l = -2*g + 3*g + 2*w. What are the prime factors of g?
2, 3
Let z(i) = 9*i - 4 + 13 + i - i**2. What are the prime factors of z(9)?
2, 3
Let x(z) be the third derivative of z**6/120 + z**5/10 + z**4/12 - 2*z**3/3 - z**2. List the prime factors of x(-3).
17
List the prime factors of 78/30 + (-6)/(-15).
3
Let d(a) = 2*a**2 + 15*a + 20. What are the prime factors of d(-9)?
47
Let x = 27 + 27. Let j = x + -21. List the prime factors of j.
3, 11
Let m be (4/(-6))/((-1)/12). Suppose -m = 5*w - 48. List the prime factors of w.
2
Let w = -17 - -27. List the prime factors of w.
2, 5
Let y be 1*(3 - 0) - 1. List the prime factors of 16*(y/4 - 0).
2
Let g(y) = -y**2 + 8*y + 12. Let a be g(10). Let h(s) = s**3 + 3*s**2 + s + 2. Let o be h(-3). Let p = o - a. What are the prime factors of p?
7
Let h = -14 - -41. Let o be 1/4 + h/(-12). What are the prime factors of (-66)/(-3) + (o - 0)?
2, 5
Suppose -p + 44 = 3*p. Let r be (-2)/3 - p/(-3). Suppose -2*j = r*j - 25. What are the prime factors of j?
5
Suppose -2*r + 4*r - 10 = 0. Suppose -q + r*q - 32 = 0. What are the prime factors of q?
2
Let i be (2/4)/((-4)/24). Let q = 11 + i. List the prime factors of (q/20)/((-1)/(-10)).
2
Let i(n) = 18*n. Let m be i(10). List the prime factors of 1/(2 + m/(-92)).
23
Let g = -18 + 11. Let k = g - -11. Suppose 0*a + 44 = 3*a + k*v, 3*a = 5*v - 1. What are the prime factors of a?
2
Let y(o) = 2*o**2 - 2*o + 3 + o - 2. Let f be y(-2). List the prime factors of f/4 - (-3)/12.
3
Suppose 3*h = -4*x + 171, 2*h = 7*h + 5*x - 280. What are the prime factors of h?
53
Let o(x) be the second derivative of 1/2*x**2 - 1/20*x**5 + 3*x + 0 - 2/3*x**3 - 1/4*x**4. What are the prime factors of o(-3)?
13
Suppose o = -o. Suppose 5*s = -o*s + 15. List the prime factors of s.
3
Let y = -17 - -17. Suppose -4*j + 92 - 28 = y. What are the prime factors of j?
2
Let z(b) = -b - 2. Let s(q) = 3*q + 5. Let t(r) = 6*s(r) + 11*z(r). What are the prime factors of t(5)?
43
Suppose 0 = 3*b - 2*b + 2. Let x = b - -2. Let k(q) = q**2 + q + 6. List the prime factors of k(x).
2, 3
Let v = -76 - -172. List the prime factors of v.
2, 3
Let y be 1*-6*(-2)/6. Suppose 0 = -4*n + 3*n + y. Suppose n*w + 3 = 3*w. What are the prime factors of w?
3
Let m = 265 + -59. What are the prime factors of m/10 + (-6)/10?
2, 5
Let n = -16 - -26. Suppose 2*t + 3*r = -2*t + 20, -n = 3*t - 4*r. Suppose 2*s = -3*c + c + 10, -7 = -t*s - 3*c. What are the prime factors of s?
2
Suppose 2*g - 6*g + 60 = 4*n, 2*n + g - 31 = 0. Let r = -6 + n. List the prime factors of r.
2, 5
Suppose -6*h - h + 567 = 0. List the prime factors of h.
3
Let c be -2*(3 - (-6)/(-3)). Let b(z) = 1 + 3*z**2 - 4*z**2 - 4*z + 0. What are the prime factors of b(c)?
5
Let d(w) = 3*w + w**2 + 3*w**2 + w**3 + 0*w. Let x be d(-2). Let h = x - -6. What are the prime factors of h?
2
Suppose -3*p + 5*o + 14 = p, -5*o - 2 = -2*p. Let j = p - 4. List the prime factors of j.
2
What are the prime factors of (224/12)/(20/12 + -1)?
2, 7
Let q = -2 + 5. List the prime factors of q*6/2 + -3.
2, 3
Suppose -5*j = -9*j + 116. List the prime factors of j.
29
Let z be 358/(-8) - (-9)/(-36). Let f = -17 - z. What are the prime factors of f?
2, 7
Let m be ((-3 + -41)*-1)/1. Suppose -4*f + 60 = -m. List the prime factors of f.
2, 13
Let i(t) = -t - 4. Let m be i(-6). Let h be ((-40)/12)/(m/(-60)). List the prime factors of h/16 - (-1)/(-4).
2, 3
Suppose 5*l - 6 = 59. Let t = -9 + l. Suppose t*p + 31 = k, 2*k + k - 3*p = 48. List the prime factors of k.
11
Let l = -161 - -257. Suppose -2*c = -6*c - l. Let z = 44 + c. What are the prime factors of z?
2, 5
Suppose -2*l - 3*l - 235 = 0. List the prime factors of l/(-4) + 7/28.
2, 3
Suppose 3*o = 2*u - 3, o = -2*u + 3*o. Let n = u - -8. List the prime factors of n + 0 + -1 + 0.
2
Suppose 15*c + 4*c = 7087. List the prime factors of c.
373
Let j = 64 - 35. Let p = -13 + j. What are the prime factors of p?
2
Suppose 3 = -3*k, -3*k = 5*d + 2*k - 1220. List the prime factors of d.
5, 7
Let n(y) be the second derivative of -y**3/6 + 11*y**2/2 - 4*y. What are the prime factors of n(5)?
2, 3
Suppose -15*l + 6 = -13*l. Suppose -l*n - 2*a + 77 = 0, 2*n - a = n + 19. List the prime factors of n.
23
Let n(b) = 0 - 4*b + 4*b + 1 - 2*b. List the prime factors of n(-6).
13
Let c(b) = -1 - b + 7*b**2 + 1 - 1. What are the prime factors of c(-1)?
7
Let g = 363 - 258. What are the prime factors of g?
3, 5, 7
Suppose -2*r + 10 = s, 0*r + 2*s + 15 = r. List the prime factors of r + 3/(-3) + 3.
3
Suppose 0 = 5*c - 4*x - 195, 2*c - 80 = 4*x - 2*x. List the prime factors of c.
5, 7
Suppose -h = v - 4, -2*v - 2*v + 4*h = 0. Suppose -a + 6*a + 23 = v*g, -3*a = 9. List the prime factors of 11 + 0 + (2 - g).
3
Let c = 31 - 3. What are the prime factors of c?
2, 7
Let a(g) = g**2 + 7*g - 5. Let h(d) = -2*d + 2. Let l be h(5). Let i be a(l). Suppose 4*y - n - 34 = -3*n, -4*y - i*n + 33 = 0. List the prime factors of y.
3
Suppose -x - 1610 = -11*x. List the prime factors of x.
7, 23
Let w be 3/(-5) - 65/(-25). Suppose 2 = -w*k, -26 - 71 = -2*z - 5*k. Suppose 3*q - z = -4*j, 2*q + 5 - 60 = -5*j. List the prime factors of j.
3
Suppose -u + 49 = -0*u. What are the prime factors of u?
7
Let q be ((-4)/6)/((-6)/(-432)). What are the prime factors of ((-160)/q)/((-2)/(-12))?
2, 5
Suppose -t = t + 2. List the prime factors of 1 +